18.
8
What is the remainder when 838789 is divided by 63?
7
Calculate the remainder when 128320 is divided by 21.
10
Calculate the remainder when 538075 is divided by 456.
451
Calculate the remainder when 353335 is divided by 41.
38
What is the remainder when 21951 is divided by 354?
3
Calculate the remainder when 3908 is divided by 84.
44
What is the remainder when 6282 is divided by 3141?
0
What is the remainder when 983 is divided by 62?
53
What is the remainder when 508701 is divided by 22?
17
What is the remainder when 170142 is divided by 106?
12
Calculate the remainder when 3008 is divided by 66.
38
Calculate the remainder when 934 is divided by 64.
38
What is the remainder when 105559 is divided by 111?
109
Calculate the remainder when 3362 is divided by 230.
142
What is the remainder when 8356 is divided by 20?
16
What is the remainder when 6647 is divided by 1642?
79
What is the remainder when 8115 is divided by 711?
294
Calculate the remainder when 993 is divided by 232.
65
Calculate the remainder when 1016 is divided by 54.
44
What is the remainder when 4551 is divided by 428?
271
Calculate the remainder when 42874 is divided by 245.
244
What is the remainder when 746422 is divided by 5?
2
Calculate the remainder when 131317 is divided by 26.
17
What is the remainder when 34166 is divided by 67?
63
Calculate the remainder when 3714 is divided by 240.
114
What is the remainder when 4410 is divided by 243?
36
Calculate the remainder when 28593 is divided by 17.
16
Calculate the remainder when 6264 is divided by 6243.
21
Calculate the remainder when 6829 is divided by 6815.
14
Calculate the remainder when 53306 is divided by 846.
8
What is the remainder when 18031 is divided by 549?
463
What is the remainder when 158562 is divided by 967?
941
What is the remainder when 137296 is divided by 5969?
9
What is the remainder when 207421 is divided by 56?
53
What is the remainder when 15752 is divided by 384?
8
What is the remainder when 21603 is divided by 441?
435
What is the remainder when 294 is divided by 68?
22
Calculate the remainder when 696 is divided by 157.
68
What is the remainder when 211812 is divided by 58?
54
What is the remainder when 10212 is divided by 104?
20
Calculate the remainder when 6240 is divided by 75.
15
Calculate the remainder when 148992 is divided by 55.
52
What is the remainder when 4595 is divided by 100?
95
What is the remainder when 25188 is divided by 34?
28
Calculate the remainder when 1630162 is divided by 122.
120
Calculate the remainder when 4640 is divided by 4207.
433
Calculate the remainder when 91020 is divided by 8273.
17
What is the remainder when 172056 is divided by 43014?
0
Calculate the remainder when 1666 is divided by 818.
30
What is the remainder when 93287 is divided by 1060?
7
What is the remainder when 325462 is divided by 382?
380
What is the remainder when 3782 is divided by 22?
20
Calculate the remainder when 13412 is divided by 4453.
53
Calculate the remainder when 15935 is divided by 198.
95
What is the remainder when 75321 is divided by 18829?
5
Calculate the remainder when 9667 is divided by 242.
229
Calculate the remainder when 5757 is divided by 39.
24
Calculate the remainder when 2689008 is divided by 431.
430
Calculate the remainder when 14342 is divided by 235.
7
Calculate the remainder when 28436 is divided by 587.
260
Calculate the remainder when 82148 is divided by 9.
5
What is the remainder when 5882 is divided by 364?
58
Calculate the remainder when 16731 is divided by 163.
105
What is the remainder when 7793 is divided by 259?
23
Calculate the remainder when 2127 is divided by 144.
111
What is the remainder when 1788 is divided by 405?
168
Calculate the remainder when 508848 is divided by 287.
284
What is the remainder when 353 is divided by 105?
38
What is the remainder when 386283 is divided by 12?
3
Calculate the remainder when 38206 is divided by 64.
62
What is the remainder when 390744 is divided by 247?
237
What is the remainder when 2844 is divided by 43?
6
What is the remainder when 23690 is divided by 3947?
8
What is the remainder when 12321 is divided by 179?
149
Calculate the remainder when 182049 is divided by 593.
591
What is the remainder when 43804 is divided by 8748?
64
Calculate the remainder when 13327 is divided by 112.
111
Calculate the remainder when 1037684 is divided by 345894.
2
Calculate the remainder when 1459 is divided by 360.
19
What is the remainder when 45206 is divided by 729?
8
Calculate the remainder when 620916 is divided by 27.
24
Calculate the remainder when 12304 is divided by 152.
144
What is the remainder when 7320 is divided by 2335?
315
Calculate the remainder when 2931 is divided by 579.
36
What is the remainder when 44972 is divided by 44970?
2
Calculate the remainder when 30549 is divided by 228.
225
Calculate the remainder when 6324884 is divided by 291.
290
Calculate the remainder when 75242 is divided by 134.
68
Calculate the remainder when 5334 is divided by 4674.
660
What is the remainder when 2247 is divided by 373?
9
Calculate the remainder when 10725 is divided by 588.
141
What is the remainder when 3137843 is divided by 1835?
1828
What is the remainder when 196869 is divided by 40?
29
What is the remainder when 91157 is divided by 5696?
21
Calculate the remainder when 17243 is divided by 482.
373
What is the remainder when 5306 is divided by 2566?
174
Calculate the remainder when 59107 is divided by 230.
227
Calculate the remainder when 5724 is divided by 362.
294
Calculate the remainder when 27455 is divided by 352.
351
Calculate the remainder when 138978 is divided by 229.
204
What is the remainder when 6814 is divided by 3407?
0
What is the remainder when 14765 is divided by 342?
59
Calculate the remainder when 18950 is divided by 173.
93
Calculate the remainder when 43012 is divided by 321.
319
What is the remainder when 1707153 is divided by 479?
476
What is the remainder when 11383 is divided by 3792?
7
What is the remainder when 1011 is divided by 202?
1
What is the remainder when 256581 is divided by 14?
3
Calculate the remainder when 3046 is divided by 590.
96
Calculate the remainder when 866 is divided by 394.
78
Calculate the remainder when 20395 is divided by 25.
20
What is the remainder when 38496 is divided by 31?
25
Calculate the remainder when 22810 is divided by 3246.
88
What is the remainder when 149618 is divided by 74801?
16
What is the remainder when 21167 is divided by 5289?
11
Calculate the remainder when 1777 is divided by 1760.
17
Calculate the remainder when 346073 is divided by 19.
7
What is the remainder when 18004 is divided by 69?
64
What is the remainder when 3113 is divided by 241?
221
Calculate the remainder when 10623 is divided by 312.
15
Calculate the remainder when 163742 is divided by 16373.
12
Calculate the remainder when 83593 is divided by 98.
97
Calculate the remainder when 2238 is divided by 1898.
340
What is the remainder when 492747 is divided by 44?
35
Calculate the remainder when 24541 is divided by 118.
115
What is the remainder when 3733 is divided by 166?
81
What is the remainder when 21803 is divided by 376?
371
Calculate the remainder when 110278 is divided by 24.
22
What is the remainder when 1214 is divided by 575?
64
What is the remainder when 936 is divided by 856?
80
What is the remainder when 36328 is divided by 15?
13
Calculate the remainder when 5025 is divided by 78.
33
What is the remainder when 7343 is divided by 27?
26
What is the remainder when 30041 is divided by 515?
171
Calculate the remainder when 13028 is divided by 6506.
16
What is the remainder when 626572 is divided by 1131?
1129
Calculate the remainder when 25023 is divided by 6255.
3
What is the remainder when 122879 is divided by 80?
79
Calculate the remainder when 2788 is divided by 2609.
179
What is the remainder when 17922 is divided by 1991?
3
What is the remainder when 16623 is divided by 3196?
643
Calculate the remainder when 1459 is divided by 464.
67
Calculate the remainder when 20435 is divided by 2528.
211
What is the remainder when 85980 is divided by 32?
28
Calculate the remainder when 204464 is divided by 35.
29
What is the remainder when 14141 is divided by 64?
61
Calcula